base 11) to base 4.
101302203
Convert 145f3 (base 16) to base 13.
2bc99
What is 22b250 (base 14) in base 13?
325699
113312321 (base 4) to base 10
97721
155435041 (base 6) to base 7
40314616
-8b65e5 (base 15) to base 16
-658619
-64152455 (base 7) to base 4
-110300200310
What is -23220122 (base 5) in base 3?
-101200222022
301001133 (base 4) to base 3
101012110000
What is -41313310 (base 6) in base 4?
-10202331222
Convert -205350461 (base 7) to base 15.
-1109092
What is 23531451 (base 7) in base 12?
84a686
Convert 1422340 (base 9) to base 6.
24434400
Convert -10001000101000000 (base 2) to base 6.
-1255504
Convert -434b9 (base 14) to base 6.
-3253523
-29926 (base 16) to base 7
-1306303
What is -1230300131 (base 4) in base 10?
-445469
104153 (base 6) to base 16
2205
Convert 20004434 (base 5) to base 10.
156869
What is d7d4b (base 14) in base 6?
15101035
-2d7168 (base 14) to base 12
-64a934
Convert 1a400 (base 16) to base 2.
11010010000000000
133320334 (base 5) to base 8
2465142
Convert 324141044 (base 5) to base 11.
874154
What is 1001112100221101 (base 3) in base 5?
12340210111
145304 (base 6) to base 2
11011101001000
Convert bca66 (base 16) to base 8.
2745146
6016342 (base 7) to base 8
2553602
-245033 (base 9) to base 14
-3bd29
Convert 2443613 (base 7) to base 3.
120220222202
What is 2b673b (base 15) in base 6?
112542402
Convert 185962 (base 10) to base 7.
1403110
286814 (base 11) to base 14
b94a3
What is -2672b87 (base 13) in base 3?
-211202010011101
What is 3577073 (base 8) in base 7?
11231454
What is -55145114 (base 6) in base 8?
-6220706
-403542 (base 6) to base 3
-1121211122
263320 (base 16) to base 12
a08914
What is 1000110111010 (base 2) in base 11?
3456
What is -232643 (base 10) in base 14?
-60ad5
Convert -110001010001111110 (base 2) to base 12.
-98992
-7013507 (base 8) to base 10
-1840967
Convert -6992a (base 13) to base 3.
-100210022220
Convert -53755 (base 15) to base 2.
-1000000101011001001
Convert 18855528 (base 9) to base 5.
4420400040
Convert 5144551 (base 6) to base 16.
3c613
84489 (base 11) to base 2
11110000010011001
What is 1625234 (base 7) in base 16?
36f6b
What is 53632 (base 8) in base 12?
10b8a
Convert -429977 (base 10) to base 2.
-1101000111110011001
What is -7b780 (base 12) in base 10?
-165264
Convert -60261 (base 10) to base 13.
-21576
9cecab (base 16) to base 2
100111001110110010101011
Convert -21da4c (base 14) to base 15.
-17b3e4
3626494 (base 12) to base 6
1013043104
What is -1131213032 (base 4) in base 2?
-1011101100111001110
1003634 (base 7) to base 15
253d2
-1001022012021112 (base 3) to base 2
-111001011000010001111100
-3120221301 (base 4) to base 10
-887409
What is -dcc309 (base 14) in base 8?
-34435425
What is 251536 (base 7) in base 5?
2434414
What is 6822677 (base 9) in base 3?
20220202202121
-3e3eed (base 16) to base 15
-558a61
-1030005 (base 6) to base 8
-142565
70338 (base 11) to base 9
166123
Convert 273780 (base 9) to base 15.
34686
230171 (base 8) to base 11
5361a
Convert 11011001111001100 (base 2) to base 4.
123033030
-15144145 (base 7) to base 5
-332032103
What is 1d9d7 (base 16) in base 6?
2333331
What is -5244910 (base 10) in base 4?
-110000133232
Convert -964830 (base 10) to base 15.
-140d20
-100002210 (base 4) to base 15
-14700
Convert 11212010111 (base 3) to base 10.
95593
Convert 13262504 (base 7) to base 4.
10223023211
What is -3201103 (base 4) in base 8?
-34123
Convert -346689 (base 12) to base 3.
-1120201022220
Convert 200422043 (base 5) to base 6.
25013453
12723235 (base 9) to base 15
83e282
Convert 21525343 (base 6) to base 3.
1012222120000
-41522340 (base 6) to base 10
-1208436
What is -414230 (base 6) in base 4?
-20021022
Convert -1101110110011011101 (base 2) to base 7.
-3600121
What is 110111110011011001011110 (base 2) in base 10?
14628446
What is 533637 (base 11) in base 6?
30145225
16138c (base 13) to base 15
ab954
What is -101323304 (base 6) in base 11?
-a98023
1258364 (base 10) to base 3
2100221011002
-908788 (base 10) to base 16
-dddf4
-356c7 (base 14) to base 12
-634bb
What is 29175 (base 15) in base 9?
221012
Convert 725827 (base 9) to base 11.
274721
Convert -4002001 (base 6) to base 7.
-1406233
-12002002002011 (base 3) to base 10
-2698087
What is -291472 (base 13) in base 8?
-3646151
13991257 (base 10) to base 8
65276531
What is -1088d4 (base 14) in base 9?
-1045242
Convert 825a8 (base 13) to base 9.
385720
-12455c (base 14) to base 7
-5220045
-2012444 (base 5) to base 3
-1122020102
-121731 (base 10) to base 4
-131232003
What is 31267352 (base 8) in base 5?
3200210110
Convert -111574 (base 8) to base 9.
-56711
Convert 13211033312 (base 4) to base 7.
22615451
What is -10357032 (base 8) in base 7?
-24602660
-12022100101211 (base 3) to base 12
-b409aa
a205 (base 14) to base 16
6cbd
Convert 314b7d (base 16) to base 11.
190720a
-300001430 (base 5) to base 15
-182460
-38a75 (base 13) to base 8
-315125
What is 104520 (base 9) in base 16?
f3b4
263345 (base 12) to base 8
2312045
What is 1011211121021 (base 3) in base 16?
98fda
What is 342732 (base 8) in base 16?
1c5da
-9143 (base 14) to base 12
-12533
What is 310122145 (base 6) in base 15?
70424e
Convert -1a6290 (base 14) to base 15.
-13832b
What is -94868 (base 16) in base 2?
-10010100100001101000
Convert -32061221 (base 7) to base 8.
-12302025
What is 12545221 (base 7) in base 14?
220948
Convert -101011001101100000111 (base 2) to base 12.
-5834b3
Convert 425524 (base 8) to base 6.
3014100
200011220111222 (base 3) to base 5
4433200133
What is -214a295 (base 11) in base 7?
-44045615
What is -101201111121212 (base 3) in base 5?
-2424321234
Convert -322915 (base 15) to base 2.
-1001000111000011001010
What is -110201112000 (base 3) in base 14?
-67397
Convert 11200120112100 (base 3) to base 4.
21200033310
Convert -1410490 (base 11) to base 12.
-9929a5
Convert -101010011001 (base 3) to base 14.
-527d4
a43371 (base 12) to base 10
2576965
Convert -4175144 (base 9) to base 4.
-20201202022
What is -102020111 (base 3) in base 13?
-3964
What is -980078 (base 11) in base 2?
-101111110011111010000
What is 101078 (base 11) in base 12?
7a02b
Convert -2001222111210 (base 3) to base 11.
-69295a
Convert -220001110000 (base 3) to base 11.
-2a3785
What is -21b26a (base 13) in base 14?
-169dc8
2775163 (base 9) to base 5
342312220
Convert 5790552 (base 10) to base 9.
11805126
9067759 (base 10) to base 13
1b5644c
-15949 (base 14) to base 16
-d2cd
What is 266050 (base 7) in base 15?
ecad
Convert 231124421 (base 5) to base 4.
3330333030
Convert 31a517 (base 11) to base 8.
1747357
Convert -44342604 (base 8) to base 7.
-144126066
Convert -2220210000 (base 3) to base 14.
-16d01
Convert -1765096 (base 11) to base 14.
-57cd12
-62587 (base 9) to base 15
-c38d
-1011001011100101 (base 2) to base 4
-23023211
110001011101011100000111 (base 2) to base 8
61353407
1d3943 (base 14) to base 4
3333223313
2121201011 (base 3) to base 16
c95b
Convert -1512240 (base 6) to base 15.
-1ad40
Convert -64ec (base 16) to base 2.
-110010011101100
What is 261351 (base 7) in base 16?
bda2
11020230033 (base 4) to base 5
321040234
What is -84a4c (base 16) in base 14?
-101dda
What is 655575 (base 14) in base 16?
346563
Convert 21a0436 (base 13) to base 12.
35531a2
853827 (base 9) to base 4
1330002121
What is -100110001100010 (base 2) in base 4?
-10301202
Convert -1a09a (base 11) to base 4.
-12312130
What is -48708 (base 16) in base 7?
-2344023
Convert 11542172 (base 8) to base 11.
1485927
What is -68331 (base 12) in base 7?
-1115254
What is -10115462 (base 9) in base 7?
-56150351
What is -60aca1 (base 14) in base 6?
-153450045
1010001101001010000 (base 2) to base 6
11100120
Convert 1904c7 (base 16) to base 7.
16636146
What is -e5a2c2 (base 15) in base 10?
-10918757
Convert -2088584 (base 10) to base 12.
-848808
What is -4365056 (base 7) in base 3?
-1000021212112
Convert 931a19 (base 11) to base 13.
404b97
-1421402 (base 6) to base 14
-215b4
-110110010000001001101 (base 2) to base 16
-1b204d
What is -2259aa (base 12) in base 6?
-15434334
Convert -23343c (base 15) to base 5.
-412303312
-5a0370 (base 12) to base 14
-29b24c
-1344204 (base 5) to base 4
-12312112
Convert -14340141 (base 5) to base 16.
-253e2
-246967c (base 13) to base 10
-11331046
What is 5162a82 (base 11) in base 12?
3074460
What